 + 4*g + o. What are the prime factors of n?
2, 61
Suppose -3*z + 1035 = 4*t, -9*t - 4*z - 534 = -11*t. List the prime factors of 990/(-66)*t/(-5).
3, 29
Suppose -51*s + 775216 = 15*s - 14*s. List the prime factors of s.
2, 3727
Let w be -7 - 2 - (6 - 2) - -7. Suppose 2*y - 36 = -5*x + 65, -83 = -5*x + 4*y. Let h = x + w. What are the prime factors of h?
13
Suppose 63 = -197*f + 188*f. Let w(z) be the first derivative of z**3/3 + 5*z**2/2 + z - 2. List the prime factors of w(f).
3, 5
Suppose 8*o - 251 = -3. Suppose -3*l + 44 = 2*z - 7*z, -2*l = -5*z - o. What are the prime factors of l?
13
Suppose u + 2*u = -2*z + 9215, -z + 6143 = 2*u. What are the prime factors of u?
37, 83
Let c(o) = -o**3 - 11*o**2 + 11*o - 5. Let b be c(-12). Let u(j) = j**2 - 4*j + 8. Let x be u(b). List the prime factors of 2370/27 - (x/(-9) - -3).
2, 11
Let l(w) = 33 - w - 7 + 3*w + 13. Let z be l(-6). Suppose -n + z = o + 2*n, n = -4*o + 53. What are the prime factors of o?
2, 3
Suppose 3*y + u + 4*u - 116 = 0, -5*y - 5*u = -180. Suppose y*h = 5961 + 1047. List the prime factors of h.
3, 73
Suppose -c - 1820 = -8*c. Let f = -126 + c. Suppose 21*x = 19*x + f. What are the prime factors of x?
67
Let v(i) = 73*i**3 + 3*i**2 - i - 2. Let a be v(2). Suppose -10*t = -14*t + a. Let u = -68 + t. What are the prime factors of u?
2, 5
Let t = 62 + 3382. Suppose 52*a = 40*a + t. List the prime factors of a.
7, 41
Let n = 42453 - 27131. What are the prime factors of n?
2, 47, 163
Suppose -2*m + 19233 = 3*s - 1953, -3*m + 31764 = -3*s. What are the prime factors of m?
2, 3, 5, 353
Let b = -223 + 224. What are the prime factors of (-1462)/(-5 + 3)*(b - 0)?
17, 43
Let f = -15094 + 33499. What are the prime factors of f?
3, 5, 409
Suppose -135 + 375 = 6*m. Let j = m - 37. Suppose i - 4*i = -j*c + 333, -3*c + 4*i = -338. List the prime factors of c.
2, 53
Suppose 2*i = -2*b + 7*b + 23, i = -3*b - 16. Let r be i + 0 + 2 - -3. Suppose -2*y = -r*y + 328. What are the prime factors of y?
2, 41
Suppose 0 = 3*p - 63 - 15. Suppose 0*j - p = j. Let a = -2 - j. What are the prime factors of a?
2, 3
Suppose 57*g - 117000 = -60*g. List the prime factors of g.
2, 5
Suppose 7*i - 12*i + 75 = 0. Let h(l) = l**2 + 3*l - 43. List the prime factors of h(i).
227
Let p(s) = 8*s**2 + 42*s + 16. Suppose -y + 20 = -5*d - 6*y, 5*y = d + 34. What are the prime factors of p(d)?
2, 11, 13
Suppose -5*d = -4*p - 2, 25 - 9 = 5*p + 3*d. Let f = 18 + -18. Suppose p*x + 4*n - 226 = f, 0 = -5*x - 5*n + 359 + 191. What are the prime factors of x?
107
Let k(f) = 389*f + 1510. List the prime factors of k(141).
56359
Let u be (-7144)/(-6) - (-7 + 140/21). Let p = u + -622. List the prime factors of p.
569
Suppose 182*n - 163*n = 230736. List the prime factors of n.
2, 3, 11, 23
Let x(r) be the third derivative of 73*r**4/12 - r**3/2 + 15*r**2 - 1. What are the prime factors of x(1)?
11, 13
Suppose 0*s = -4*s + 4*z + 76, 4*z + 40 = 2*s. Let n(m) = m - 25. Let y be n(s). Let i = y + 82. List the prime factors of i.
3, 5
Let a(f) = 16*f**2 + 204*f - 114. List the prime factors of a(32).
2, 11399
Let z(i) = -4*i**3 - 2*i - 1. Let h be z(3). Let q be h/(-25) + (-6)/10. Suppose -q*w = -9 - 83. What are the prime factors of w?
23
Suppose 5*a - 1898 = -21*a. List the prime factors of a.
73
Let r = 5324 - -10884. List the prime factors of r.
2, 1013
Let m = 3389 + -291. List the prime factors of m.
2, 1549
Suppose 52*a - 346398 = -158995 + 186061. What are the prime factors of a?
2, 3, 7, 19
Let i(v) = -61*v - 1. Let w(s) = s + 1. Let j(l) = i(l) + 6*w(l). Let b be j(-4). What are the prime factors of (4/5)/(18/b)?
2, 5
Suppose 0 = -12*d + 24 + 12. Suppose 6*t + d*t + 171 = 0. Let i = t + 45. What are the prime factors of i?
2, 13
Suppose h - 2*y = -33, 3*y + 64 = -3*h - 17. Let v = 427 - h. What are the prime factors of v?
2, 3, 19
What are the prime factors of 3*(-4)/30 + 363035*(-5)/(-125)?
13, 1117
What are the prime factors of ((2 - 10/(-6)) + -4)/(3/(-200223))?
22247
Let g(q) = -3*q**2 - 9*q - 20. Let y be g(6). Let h = 33 - y. List the prime factors of h.
5, 43
Let s be (-1)/(25/(5/1) - 4). What are the prime factors of (s - (-99)/(-9))*43/(-2)?
2, 3, 43
List the prime factors of ((-17614224)/(-300) - (2 + 4)) + (-14)/175.
2, 13, 1129
Let q(b) = b**2 - b + 776. Let i be q(0). Suppose 5*p - 7*p = -i. What are the prime factors of p?
2, 97
Suppose 37018 = -13*w + 110442. List the prime factors of w.
2, 353
Let a = 37723 - 26624. Suppose 18*q - 29*q + a = 0. List the prime factors of q.
1009
Suppose 16578 = c + 4*v, -2*c - v + 13057 = -20050. List the prime factors of c.
2, 5, 331
Suppose 3492 = 2*u - 4*l, 5*u = -2*l + 4*l + 8746. List the prime factors of u.
2, 5, 7
Let i(a) = -3*a - 61. Let c be i(-21). Suppose -t + 993 = 2*q + 3*q, -2*q + c*t + 402 = 0. List the prime factors of q.
199
Let n(t) = 3*t**3 - 17*t**2 + 14*t - 15. Let d be n(5). Suppose 0 = -4*l - 3*p + 3796, -d*l + 7*p + 4768 = 5*p. What are the prime factors of l?
2, 7, 17
Suppose -5*o - 20 = 0, 4*g - 5*o + 9431 = 25451. List the prime factors of g.
2, 5
Let v be ((-3)/(-6))/((-5)/(-30)) - -4. Let z(h) = 15*h + 40. List the prime factors of z(v).
5, 29
Let d = 138 + -135. Suppose 3*c - 541 - 2819 = d*n, -4*c + n = -4468. List the prime factors of c.
2, 3, 31
Let g(h) = -47*h + 19. Let l(k) = 93*k - 39. Let t(a) = 9*g(a) + 4*l(a). List the prime factors of t(-7).
2, 3, 31
Suppose -129*w = -127*w - 10. Suppose -3*b - w*i = -0*i - 1973, -3*i - 6 = 0. What are the prime factors of b?
661
Let f(i) = i**2 - 19*i - 45. Let b be f(-2). List the prime factors of (-2 - 68/b)*(-1218)/(-28).
29, 31
Let u(l) = 54*l - 130. Let p = 474 + -461. List the prime factors of u(p).
2, 11, 13
Suppose -2*n + 0*n - 730 = 0. Let t = n + 233. List the prime factors of (-2 - 1) + t/(-11).
3
Let w(f) be the second derivative of f**3 - f**2/2 + 8*f. Let i be w(-2). What are the prime factors of 2/i - (-3596)/52?
3, 23
Let t(d) = -14*d + 121. Let l be t(-32). Suppose -3*f - 556 = -4*n + 589, -2*n + l = -5*f. What are the prime factors of n?
7, 41
Let l(w) = 1. Let c(a) = 17*a + 138. Let s(v) = -c(v) - l(v). List the prime factors of s(-26).
3, 101
Let u = 28 - 24. Suppose -w + 378 = -4*n, u*w - n - 1379 - 163 = 0. What are the prime factors of w?
2, 193
Suppose -5*h - l = -7 - 11, -2*h + 4*l - 6 = 0. Suppose 0 = r + h*d - 74, 0 = -r + 6*r - 4*d - 313. List the prime factors of r.
5, 13
Let d = -2029 + 3034. Suppose -23*z + 10702 + d = 0. List the prime factors of z.
509
Suppose -a = -3*g + 58662, -3*g + 3*a = -65362 + 6694. List the prime factors of g.
19553
Suppose h = -2*d + 111213, -196 = -h - 203. List the prime factors of d.
2, 5, 67, 83
Let j(y) = -y**3 + 3*y**2 - 4*y + 1. Let b be j(2). What are the prime factors of (5/(10/b))/(4/(-856))?
3, 107
Suppose 3*b - o - 3*o - 59 = 0, -2*b = 3*o - 62. Suppose b*q = 26*q - 4. What are the prime factors of (-1)/q - 305/(-4)?
2, 19
Let g = 37076 - 21380. List the prime factors of g.
2, 3, 109
Let n be (-1)/(4 + -13*(-2)/(-6)). Suppose 0 = l + 2*t - 537, -n*t - 7 = -22. List the prime factors of l.
17, 31
Let s = -28 - -31. Suppose 2*f = -3*b + 5, -3*f + s = 2*b - 7. What are the prime factors of b/7*-18*7?
2, 3
Suppose 5*z + 1130 = -2*f, -694 = -0*z + 3*z - 2*f. Let m = 676 + z. List the prime factors of m.
2, 7
Suppose -4*h + 5*h - 4*a - 316 = 0, 1643 = 5*h + a. Suppose -p - 3*w + h = w, 2*p = -4*w + 640. List the prime factors of p.
2, 3, 13
What are the prime factors of ((-36)/(-10))/((-8)/514*162/(-11340))?
3, 7, 257
Let g(s) = 2*s + 35. Suppose 0 = -4*t + 5*l - 73, -l + 9 + 32 = -3*t. Let o be g(t). Suppose -375 = -4*z - o. List the prime factors of z.
7, 13
Suppose -4*z + 2*r + r + 15 = 0, 3*r = -3. Suppose -z*m - 2*m = -2220. List the prime factors of m.
2, 3, 37
Suppose 5*l - 34 = -3*y, l - 14 = -2*y + 5*y. Suppose 0 = l*c - 4065 - 2143. What are the prime factors of c?
2, 97
Suppose 2*j - j + 2252 = -5*p, p - j + 454 = 0. Let q = -148 - p. Suppose 8*m - 385 - q = 0. What are the prime factors of m?
2, 43
List the prime factors of (-13)/(-2) - (-9543807)/1806.
11, 13, 37
Suppose -129 = 5*m - 989. Suppose 0 = 4*h + 9*y - 12, -5*y + 7 + 2 = 3*h. Suppose -h*s - 3*f = -207, 5*s - 501 + m = 3*f. List the prime factors of s.
67
Suppose 